by 15?
12
Calculate the remainder when 116 is divided by 26.
12
Calculate the remainder when 933 is divided by 72.
69
What is the remainder when 522 is divided by 35?
32
Calculate the remainder when 140 is divided by 49.
42
Calculate the remainder when 84 is divided by 4.
0
Calculate the remainder when 1003 is divided by 14.
9
Calculate the remainder when 113 is divided by 19.
18
What is the remainder when 318 is divided by 36?
30
Calculate the remainder when 31566 is divided by 16.
14
Calculate the remainder when 197 is divided by 167.
30
What is the remainder when 525 is divided by 24?
21
What is the remainder when 10182 is divided by 24?
6
Calculate the remainder when 886 is divided by 285.
31
What is the remainder when 120 is divided by 21?
15
What is the remainder when 5120 is divided by 47?
44
Calculate the remainder when 221 is divided by 74.
73
Calculate the remainder when 1567 is divided by 121.
115
What is the remainder when 3189 is divided by 57?
54
What is the remainder when 1438 is divided by 11?
8
What is the remainder when 1088 is divided by 233?
156
Calculate the remainder when 777 is divided by 28.
21
What is the remainder when 13025 is divided by 39?
38
What is the remainder when 3148 is divided by 786?
4
What is the remainder when 357 is divided by 120?
117
Calculate the remainder when 119 is divided by 116.
3
Calculate the remainder when 979 is divided by 116.
51
Calculate the remainder when 1103 is divided by 16.
15
Calculate the remainder when 752 is divided by 22.
4
What is the remainder when 1129 is divided by 229?
213
Calculate the remainder when 71 is divided by 71.
0
Calculate the remainder when 5627 is divided by 35.
27
What is the remainder when 1107 is divided by 9?
0
What is the remainder when 876 is divided by 34?
26
What is the remainder when 60412 is divided by 43?
40
What is the remainder when 313 is divided by 45?
43
What is the remainder when 2423 is divided by 25?
23
Calculate the remainder when 24 is divided by 13.
11
What is the remainder when 412 is divided by 102?
4
Calculate the remainder when 18 is divided by 7.
4
What is the remainder when 909 is divided by 76?
73
Calculate the remainder when 535 is divided by 142.
109
Calculate the remainder when 106 is divided by 12.
10
What is the remainder when 935 is divided by 104?
103
Calculate the remainder when 88 is divided by 7.
4
What is the remainder when 2481 is divided by 54?
51
Calculate the remainder when 2785 is divided by 43.
33
What is the remainder when 61 is divided by 6?
1
Calculate the remainder when 1258 is divided by 36.
34
What is the remainder when 968 is divided by 49?
37
What is the remainder when 53 is divided by 19?
15
Calculate the remainder when 185 is divided by 11.
9
What is the remainder when 117 is divided by 40?
37
Calculate the remainder when 361 is divided by 144.
73
Calculate the remainder when 151 is divided by 40.
31
Calculate the remainder when 185 is divided by 11.
9
Calculate the remainder when 97 is divided by 33.
31
Calculate the remainder when 57 is divided by 30.
27
What is the remainder when 9098 is divided by 100?
98
What is the remainder when 119 is divided by 58?
3
What is the remainder when 126 is divided by 5?
1
What is the remainder when 734 is divided by 35?
34
Calculate the remainder when 317 is divided by 30.
17
What is the remainder when 1272 is divided by 46?
30
Calculate the remainder when 15 is divided by 8.
7
Calculate the remainder when 388 is divided by 16.
4
Calculate the remainder when 1399 is divided by 237.
214
What is the remainder when 27999 is divided by 112?
111
What is the remainder when 78 is divided by 20?
18
Calculate the remainder when 113 is divided by 34.
11
What is the remainder when 262 is divided by 5?
2
What is the remainder when 440 is divided by 63?
62
What is the remainder when 1369 is divided by 115?
104
What is the remainder when 1172 is divided by 11?
6
Calculate the remainder when 547 is divided by 90.
7
Calculate the remainder when 257 is divided by 110.
37
What is the remainder when 153 is divided by 6?
3
Calculate the remainder when 28573 is divided by 381.
379
What is the remainder when 668 is divided by 16?
12
What is the remainder when 835 is divided by 19?
18
Calculate the remainder when 91 is divided by 29.
4
What is the remainder when 73 is divided by 41?
32
What is the remainder when 390 is divided by 147?
96
Calculate the remainder when 9393 is divided by 154.
153
Calculate the remainder when 536 is divided by 10.
6
What is the remainder when 436 is divided by 156?
124
Calculate the remainder when 8666 is divided by 107.
106
Calculate the remainder when 234 is divided by 222.
12
What is the remainder when 673 is divided by 225?
223
What is the remainder when 1025 is divided by 4?
1
Calculate the remainder when 10964 is divided by 17.
16
What is the remainder when 211 is divided by 25?
11
What is the remainder when 97 is divided by 51?
46
What is the remainder when 155 is divided by 104?
51
What is the remainder when 139 is divided by 91?
48
What is the remainder when 285 is divided by 58?
53
What is the remainder when 191 is divided by 45?
11
Calculate the remainder when 2281 is divided by 2276.
5
Calculate the remainder when 784 is divided by 773.
11
Calculate the remainder when 54 is divided by 35.
19
What is the remainder when 2008 is divided by 294?
244
What is the remainder when 136 is divided by 62?
12
What is the remainder when 5539 is divided by 691?
11
Calculate the remainder when 347 is divided by 175.
172
What is the remainder when 322 is divided by 47?
40
What is the remainder when 1088 is divided by 5?
3
Calculate the remainder when 892 is divided by 268.
88
What is the remainder when 697 is divided by 23?
7
What is the remainder when 92 is divided by 37?
18
Calculate the remainder when 31 is divided by 7.
3
What is the remainder when 370 is divided by 62?
60
What is the remainder when 120 is divided by 67?
53
What is the remainder when 1930 is divided by 639?
13
Calculate the remainder when 168 is divided by 158.
10
Calculate the remainder when 393 is divided by 36.
33
Calculate the remainder when 161 is divided by 81.
80
What is the remainder when 356 is divided by 17?
16
What is the remainder when 47 is divided by 20?
7
Calculate the remainder when 10 is divided by 9.
1
What is the remainder when 674 is divided by 471?
203
What is the remainder when 574 is divided by 187?
13
What is the remainder when 5042 is divided by 52?
50
What is the remainder when 47 is divided by 6?
5
Calculate the remainder when 79 is divided by 77.
2
Calculate the remainder when 638 is divided by 310.
18
Calculate the remainder when 28 is divided by 4.
0
Calculate the remainder when 367 is divided by 94.
85
What is the remainder when 266 is divided by 54?
50
What is the remainder when 166 is divided by 34?
30
What is the remainder when 1608 is divided by 46?
44
What is the remainder when 224 is divided by 123?
101
What is the remainder when 627 is divided by 223?
181
Calculate the remainder when 77 is divided by 9.
5
What is the remainder when 794 is divided by 15?
14
What is the remainder when 5736 is divided by 4?
0
What is the remainder when 170 is divided by 36?
26
Calculate the remainder when 659 is divided by 136.
115
What is the remainder when 41 is divided by 14?
13
Calculate the remainder when 1117 is divided by 49.
39
What is the remainder when 11 is divided by 10?
1
Calculate the remainder when 1277 is divided by 61.
57
What is the remainder when 274 is divided by 92?
90
What is the remainder when 69 is divided by 30?
9
Calculate the remainder when 226 is divided by 46.
42
What is the remainder when 774 is divided by 46?
38
Calculate the remainder when 1221 is divided by 68.
65
Calculate the remainder when 331 is divided by 48.
43
Calculate the remainder when 698 is divided by 342.
14
What is the remainder when 6456 is divided by 1611?
12
Calculate the remainder when 1437 is divided by 179.
5
What is the remainder when 419 is divided by 30?
29
Calculate the remainder when 142 is divided by 21.
16
What is the remainder when 76 is divided by 20?
16
What is the remainder when 199 is divided by 20?
19
What is the remainder when 3996 is divided by 20?
16
Calcul